inder when 103 is divided by n?
19
Let x = -23 - -42. What is the remainder when x is divided by -11 + 8 + (-24)/(-3)?
4
Calculate the remainder when (-16)/(-104) - (-8412)/78 is divided by 16.
12
What is the remainder when 181 is divided by (4 - 8/(-4)) + 42?
37
Let q(r) = 31*r**2 + r + 1. Calculate the remainder when q(-4) is divided by 55.
53
Let q(x) = -x**2 - 12*x + 7. Let m be q(-12). Suppose 68 + 226 = m*h. Calculate the remainder when h is divided by 15.
12
Let x = -51 + 37. Let t = x + 32. Suppose 0 = j + 9 - 62. Calculate the remainder when j is divided by t.
17
Suppose -51 - 127 = -2*w. Let c = -11638 - -11656. Calculate the remainder when w is divided by c.
17
Let g(x) = -7*x - 89. Let j be g(-4). Suppose 2*f - 675 = 7*f. Let o = j - f. What is the remainder when o is divided by 19?
17
Let w(l) = -l**3 - 7*l**2 + 8*l. Let x be w(-8). Suppose x = -3*k - k + 252. Suppose k - 23 = 2*c. Calculate the remainder when 37 is divided by c.
17
Suppose 5*z - 21 = b, 4*z + 3*b = -0*b + 13. Suppose -2 = -z*d - 22. Let m = d - -14. What is the remainder when 17 is divided by m?
8
Calculate the remainder when 24 is divided by (4 - 19)*(4 + -5).
9
Let i(y) = y**3 - 4*y**2 - 4*y + 28. Calculate the remainder when 131 is divided by i(5).
32
Suppose -4*o = 5*g - 5*o + 66, -4*g - 44 = -3*o. Let p = 448 - 456. What is the remainder when 82 is divided by p/(32/g + 2)?
26
Calculate the remainder when (13 - 35/14)*38 is divided by 10.
9
Suppose -102 = 39*j - 42*j. Calculate the remainder when 236 is divided by j.
32
Let k = 18 - 45. Let u be 4/6 + (-14238)/k. Suppose -s = -4*p + u, -226 = -2*p - 4*s + 38. Calculate the remainder when p is divided by 27.
24
What is the remainder when 57 is divided by ((-46)/14 + -1)/((-25)/175)?
27
Let u = 2356 + -2093. Calculate the remainder when u is divided by 11.
10
Let r(b) = -2*b + 3. Let j(i) = -12*i + 15. Let w be j(-8). Let p = w + -69. Calculate the remainder when p is divided by r(-4).
9
Let a be (3 - 2)*-3 + 0. Suppose 7 = 3*u + 16. Calculate the remainder when 39 is divided by a*17/u + 3.
19
Suppose 3*v - 5*i + 6*i = 29, 3*i - 31 = -2*v. Calculate the remainder when 31 is divided by v.
7
Let x = 126 - 85. Let a(f) = 5 - 7*f - 5*f**2 + 7*f**2 - 3*f**2. What is the remainder when x is divided by a(-6)?
8
Suppose 5*b = -0*b + 40. Suppose 9*w - 20*w = 22. What is the remainder when (5/w)/5*-26 is divided by b?
5
Let d(n) = -n**3 - 20*n**2 - 21*n - 26. Calculate the remainder when 8/((-48)/(-6))*23*1 is divided by d(-19).
11
Let y = -13 - -7. Let m be 2*33*(-2)/y. Suppose 5*c - 4*p - m = 1, -2*p - 19 = -5*c. Calculate the remainder when c is divided by 1.
0
Suppose 3*o + 5*x = 18, -o + 3*x + 4 = -16. Let h(b) = -2*b**2 + b + 2. Let c be h(-2). What is the remainder when o is divided by ((-1)/(-3))/(c/(-144))?
5
Suppose -4*f + 4*y + 548 = 0, f - 134 = y + y. Suppose z - f = -4*z. Let i(k) = k**3 - 32*k**2 - 137*k - 197. What is the remainder when i(36) is divided by z?
27
Let x = 544 - 535. What is the remainder when 33 is divided by x?
6
Suppose -15 = -14*x + 17*x. Let z be (x/(-10))/((-2)/(-12)). Suppose 16 = z*q + 1. What is the remainder when 12 is divided by q?
2
Let i(a) = a**3 + 5*a**2 - 8*a - 7. Let g be i(-6). Suppose 2 = g*z - 8. What is the remainder when ((-4)/z)/((-10)/60) is divided by 5?
2
Let d = 2 + 383. Suppose 14*w = 9*w + d. What is the remainder when w is divided by 27?
23
Let b = -6 - -23. Let t = -13 + b. Calculate the remainder when 11 is divided by -1 - (1 + -2 - t).
3
Let l be 0 - 7/((-14)/(-100)). Let r be 6/(-36) - l/12. What is the remainder when (r/4*23)/1 is divided by 12?
11
Suppose 3*k + 4*d - 5 = 2, 4*d - 16 = -4*k. Let g(c) = -c**3 + 11*c**2 - 11*c + 17. What is the remainder when g(k) is divided by 28?
24
Suppose -10*i + 7*i + 36 = 0. Suppose 3*b - i = -3. Calculate the remainder when -1*(-15 + 12/b) is divided by 4.
3
Suppose -5*s = 3*l - 379, 4*l + 3*s - 421 = 66. Suppose 0 = -3*n + l + 203. Calculate the remainder when n is divided by 55.
52
Suppose -5*f - 437 = -2*d, -d + f + 226 = -0*d. Suppose 10*l - d = 1349. Calculate the remainder when l is divided by 40.
38
Suppose -8 = u + 3. Let j = u - -16. Calculate the remainder when 17 is divided by j.
2
Let k = -54 + 76. What is the remainder when 64 is divided by k?
20
Let p = 354 - 263. What is the remainder when p is divided by 26?
13
Let s(l) = -4*l**3 - 12*l**2 + 27. Calculate the remainder when s(-6) is divided by 46.
45
Let q = 13 - 1. Suppose q = -2*s + 46. Calculate the remainder when 66 is divided by s.
15
Let k(o) = -5*o**3 + 81*o**2 - 26. What is the remainder when k(16) is divided by 110?
10
Let v = 63 + -61. Suppose 40 = 3*d - v. Suppose g = 4*q + 7, 0 = -7*g + 2*g - 5*q + 10. Calculate the remainder when d is divided by g.
2
Let h(p) = p**2 + p - 9. Let o(z) = 2*z**2 - 2*z. Calculate the remainder when o(-4) is divided by h(-6).
19
Let k = -70 + 104. What is the remainder when 43 is divided by 253/17 + 4/k?
13
Let k(j) = -2*j. Let g be k(0). Suppose g = -4*r - 4 + 16. Let y = 11 - r. What is the remainder when 31 is divided by y?
7
Let j = -16 + 40. Suppose 5*p = 3*m + 294, p + j = 3*m + 90. What is the remainder when p is divided by 15?
12
Suppose -4*d + 12 = 4*u, -u - 3*d = 3 - 2. Suppose w = u*w + 72. Let l = -14 - w. Calculate the remainder when l is divided by 2.
0
Let y be (-4)/4*(-5 - (-1 - -1)). What is the remainder when (y + 81 + 5)*(-4)/(-14) is divided by 3?
2
Let o(b) be the first derivative of b**3/3 - 15*b**2/2 - 21*b - 12. Calculate the remainder when 62 is divided by o(17).
10
Let d = 86 + -61. Suppose -57 = -4*q + q. Let f = -12 + q. What is the remainder when d is divided by f?
4
Let m = 9 - 4. Let z = m + 0. Suppose 0 = z*u - 195 + 35. What is the remainder when u is divided by 11?
10
Let y(m) = -7*m + 47. Calculate the remainder when 23 is divided by y(6).
3
Let p(w) = -w**3 + 28*w**2 + 65*w - 27. What is the remainder when 384 is divided by p(30)?
15
Calculate the remainder when 53/(-3)*-1*15/5 is divided by 22.
9
Let a(t) = -t**3 - 18*t**2 - 3*t - 15. Let b be -14 - (2/(-2) + 1). Let x = b + -4. What is the remainder when a(x) is divided by 8?
7
Let j(z) = 24*z - 1. Let n be j(1). Let a = 18 - 31. Let q = n + a. Calculate the remainder when q is divided by 6.
4
Let s = 32 - 18. Let o = 22 - s. Calculate the remainder when 15 is divided by 1/(-1) + o + -1.
3
Let f = 64 - 59. Suppose -i + 10 = f. What is the remainder when 38 is divided by i?
3
Let q(o) = 2*o + 17. Suppose z = 5*d - 10, z = -2*z - 2*d + 4. Let i = -2 - -6. What is the remainder when q(z) is divided by i?
1
Suppose 3*i + 6 = 3*h, h + 3*i = 3*h - 4. Suppose -5*a = -h - 33. What is the remainder when 18 is divided by a?
4
Let s = 2819 + -2797. What is the remainder when 123 is divided by s?
13
Let t be ((-2)/2)/1 - 0. Let s be (-16)/(2 + (-2 - t)). Let k = 79 + s. Calculate the remainder when k is divided by 16.
15
Let p be (-5)/(-1) + (-966)/(-7). Suppose 0 = -a + p + 14. Calculate the remainder when a is divided by 40.
37
Let d(c) = -c**2 - 9*c - 3. Let k be d(-12). Calculate the remainder when 53 is divided by (-43)/(-3) + 13/k.
11
Let r be 30/(-165) - 1916/(-11). Let t = r + -105. Let y = t + -43. What is the remainder when y is divided by 14?
12
Let o = -7 - -66. What is the remainder when o - (-2)/2*2 is divided by 13?
9
Let h be 6/(-15) + 66/15. Suppose h*x + 52 = 5*y - 2*y, 2*y + 2*x = 16. Calculate the remainder when 33 is divided by y.
9
Suppose 0*z = -4*z + 84. Let n = -5 - -87. Calculate the remainder when n is divided by (z/(-6))/((-4)/32).
26
Suppose -2*v = -2*i - 20, 28 = 3*v + 4*i - 2. Suppose v = -q + 9. Let n(r) = -10*r**3 + r**2 + r + 1. What is the remainder when 32 is divided by n(q)?
10
Let c be 14/2 - (-3 + 6). Suppose 2*s - 112 = c*u, -5*u - 212 = -2*s - 2*s. What is the remainder when s is divided by 17?
14
Suppose -15*w = 38*w - 6466. Calculate the remainder when 485 is divided by w.
119
Let l(a) = -53*a**3 + 2*a + 2. Let f be l(-1). Let k = f + -32. What is the remainder when k is divided by ((-11)/(-4))/((-3)/(-12))?
10
What is the remainder when 503 is divided by ((-7)/7)/(-2*(-7)/(-42))?
2
Let g = -606 - -619. What is the remainder when 89 is divided by g?
11
Let b(o) = 5*o**2 - 1. Suppose 4*y + 